ommon factor of 12 and w?
3
Suppose -2*n + 17 = 2*t - 11, -38 = -3*n - 5*t. What is the highest common factor of 112 and n?
16
Suppose 2*i = -2*i - 20. Let w = i + 9. What is the greatest common divisor of w and 20?
4
Let f(k) = 2*k**2 - 8. Let y be f(4). What is the highest common divisor of y and 24?
24
Let p be (-4)/(-18) - (-2288)/72. Let a = 26 + p. What is the greatest common factor of 29 and a?
29
Let z = 103 + -67. Let u(h) = h**2 + 2*h - 6. Let v be u(4). Calculate the highest common factor of v and z.
18
Suppose l + 2*w - 56 = 0, -5*l - 33 + 283 = -5*w. Suppose 3*s + 78 = 4*s. What is the greatest common factor of l and s?
26
Let b = 23 - 17. Calculate the greatest common divisor of b and 24.
6
Suppose 2*z + 3*z - 3*a - 144 = 0, 5*z + 2*a = 154. Suppose 0 = 3*h + 3*f - 231, 70 = -2*h + 3*f + 214. Calculate the greatest common factor of z and h.
15
Suppose 20 = 7*h - 3*h. Let m(a) = h*a**3 + 3*a + 0*a**3 - a**3. Let n be m(3). What is the highest common factor of n and 13?
13
Let q(h) = -26*h**2. Let b be q(-1). Let r = 37 + b. What is the highest common factor of r and 22?
11
Let o(j) = j + 2. Suppose 5*m = 6*m - 3. Let l be o(m). What is the highest common divisor of l and 25?
5
Suppose -5*k + 56 = -9. Let f = 18 - k. Calculate the greatest common factor of f and 40.
5
Let y be (9 - 1)/(6 + -4). What is the highest common divisor of y and 10?
2
Let u be 5*(-3 + 236/20) - 4. Calculate the greatest common divisor of u and 80.
40
Suppose 2*o = -2*o - 3*u + 57, -4*u + 41 = 3*o. Let v = 18 - o. What is the highest common divisor of 3 and v?
3
Suppose -n - 2280 = -4*n. Let v be n/30 + 2/3. What is the highest common factor of 39 and v?
13
Let l(h) = h**2 - 6*h - 3. Let o be l(7). Let w(v) = v**3 - 4*v**2. Let r be w(4). Let m be 0/3 - r - -10. Calculate the highest common divisor of m and o.
2
Suppose 5*n - 29 = -3*m, 7*m + 5*n - 45 = 2*m. Let i = 2 + 76. Let s = i - 54. Calculate the greatest common divisor of m and s.
8
Let p be 3 - ((1 - -1) + -7). Let b be 156/p - 3/(-6). Suppose 0 = -n - 3*n + 640. What is the highest common divisor of b and n?
20
Suppose -4*u = -0*u - 16. Let v be (6/(-4))/(u/(-8)). Suppose -2*h = 5*z - z - 74, 0 = v*z + 5*h - 73. What is the greatest common divisor of 2 and z?
2
Suppose -4*w - 216 = -4*v, -2*v + 38 + 35 = 5*w. Calculate the highest common divisor of 14 and v.
7
Suppose -62 = -h + 4*x, -5*x + x = -2*h + 104. What is the greatest common divisor of h and 105?
21
Suppose -4*u + 245 = -p, -2*p + 1 = 3. Let t = -29 + u. Let m(g) = g**2 - 16*g - 13. Let h be m(17). What is the highest common divisor of h and t?
4
Let x be ((-60)/50)/((-6)/20). Suppose 2*k = -5*g + 41, x*g + 14 = -0*k + k. Let v be ((-90)/8)/(1/(-4)). What is the highest common factor of k and v?
9
Let s(u) = 7*u**3 - u + 1. Let z be s(1). Let k(p) = 14*p - 2 + 5 + 23*p. Let i be k(2). What is the greatest common factor of i and z?
7
Let p(u) = -u**2 + 5*u. Let v be p(6). Let n be (-7)/(-2) - 3/v. Suppose h - n*h = -48. Calculate the highest common divisor of h and 176.
16
Suppose -6 + 3 = j, -3*z - 5*j = -81. What is the highest common divisor of z and 80?
16
Let z be 242/8 - (-24)/32. Calculate the highest common divisor of 31 and z.
31
Suppose d + 0*d = 5*u + 8, 2*d + 3*u = 42. Let c be (-690)/(-54) + 4/d. What is the greatest common divisor of 91 and c?
13
Let l be 1/((21/(-36))/(-7)). Let n = 41 - 29. What is the highest common factor of n and l?
12
Let u = 3 - -1. Suppose -2*d = -2*a - 42, 5*a - 43 = -3*d + u*a. Suppose -1 - 7 = -4*m. What is the highest common factor of d and m?
2
Let g(a) = -4*a + 2 - 8*a - a**2 - 7 + 3*a. Let b be g(-6). Calculate the greatest common divisor of b and 104.
13
Let i(b) = -2*b. Let w = 6 - 14. Let j be i(w). Calculate the greatest common factor of 40 and j.
8
Let b(k) = k**3 - 3*k**2 - 6*k + 7. Let x be b(6). Let u be x/3 + (-18)/(-27). Let l = 5 - -13. What is the highest common divisor of u and l?
9
Let x = -9 - -109. What is the greatest common divisor of x and 25?
25
Suppose 0 = 2*g + 2*b + b + 92, -2*b = 4*g + 168. Let h = -10 - g. What is the greatest common divisor of 20 and h?
10
Let l = 106 - -118. Calculate the greatest common divisor of l and 28.
28
Suppose 11*j = 8*j + 18. Calculate the highest common divisor of j and 24.
6
Let g = -128 - -218. Suppose 2*t + t - g = 0. Calculate the greatest common factor of t and 10.
10
Suppose 0 = 4*x - 19 + 7. Suppose 3*w - 292 = -4*y, x*w + 4*y + y = 290. What is the highest common divisor of 10 and w?
10
Let z be (2 + (-2)/3)/((-2)/(-6)). Calculate the greatest common factor of z and 14.
2
Let b(c) = -132*c**3 - c**2 - 2*c - 1. Suppose v + 0 = -1. Let s be b(v). Let m = -19 - -31. Calculate the greatest common factor of m and s.
12
Let d(u) = -u**2 + 8*u + 30. Let g be d(9). Calculate the highest common factor of g and 105.
21
Let q(o) = 1 - 2*o + 2 - 3*o. Let d be q(-2). Calculate the highest common factor of d and 26.
13
Let a = -10 + 18. Calculate the greatest common divisor of a and 24.
8
Suppose 3*l - 70 = -2*l. Calculate the greatest common factor of l and 7.
7
Let n = 5 - 0. Suppose -4*i = -4*j - j - 188, -2*j = -n*i + 218. Let c = -18 + i. Calculate the greatest common divisor of c and 60.
12
Suppose -2 = -g - v, 6*v = 4*g + 2*v + 8. Suppose -4*m - 2 + 10 = g. Suppose 0 = l - m. Calculate the highest common divisor of l and 6.
2
Let q(v) = -v**2 + 4*v - 3*v + 4*v**2 + 2*v**2. Suppose 3*d = 6 - 3. Let i be q(d). What is the highest common divisor of 54 and i?
6
Let v(a) = a + 13. Let c be v(-9). Suppose -3*r - c = -2*o + 3*o, -3*o + 16 = 2*r. What is the highest common divisor of o and 8?
8
Let y(s) = s**3 - 2*s**2 - 3*s - 29. Let j be y(7). Calculate the greatest common divisor of 78 and j.
39
Let m(n) = -n**2 - 17*n + 12. Let c be m(-10). Calculate the greatest common factor of c and 41.
41
Let t = -69 - -105. Let v be (t/16)/(3/36). Calculate the greatest common divisor of v and 81.
27
Suppose -r + 5*w - 7 = -23, -8 = -2*r + 2*w. What is the greatest common divisor of 1 and r?
1
Let b be -2*(2 - 2 - -1). Let c = 0 + b. Let z be ((-42)/(-49))/(c/(-154)). What is the highest common factor of z and 6?
6
Suppose 5*p + 20 = 5*j, 2*j = -6*p + 2*p + 8. Suppose 4*a - 2*a + 52 = w, -158 = -j*w - 2*a. What is the highest common divisor of w and 14?
14
Suppose 3*k - 4*j = 230, k - 2*j = 3*j + 73. Let i = k + -42. Let a(h) = h**2 + h. Let f be a(-10). Calculate the highest common factor of i and f.
18
Let i = 5 + -2. Suppose i*s - 22 = -4*l - 7, -s - 3*l = -10. Suppose 3*h + h - 2*o = 4, 0 = -h + o + s. What is the greatest common factor of 2 and h?
1
Suppose 0 = 3*o + 4*d - 188, 0 = -o - 0*o + 4*d + 36. Calculate the highest common factor of o and 84.
28
Let v(x) = x**3 - 5*x**2 - x + 7. Let l be v(5). Suppose -24 = -l*y - 3*i, -4*i = 5*y - 15 - 38. Let m = y + -8. What is the greatest common divisor of m and 1?
1
Let n(d) = -4*d + 4. Let k be n(-3). Let a = 295 + -167. Calculate the greatest common factor of a and k.
16
Let g = -32 - -34. Calculate the highest common factor of g and 1.
1
Let h(b) = -b**2 + 5*b - 2. Let j be (-1 - -2) + -6 + 7. Let t be h(j). Calculate the highest common divisor of 28 and t.
4
Let w = 336 - 323. Let s(z) = z**3 - 4*z**2 - 2*z - 2. Let i be s(5). What is the greatest common factor of w and i?
13
Let c(b) = 10*b**2 + b + 2. Let y be c(-2). What is the highest common factor of 16 and y?
8
Let c = 146 + -65. Let u(k) = k**2 + 5*k - 3. Let i be u(3). Let g = i - 12. Calculate the highest common factor of g and c.
9
Let l be (-90)/(-12)*12/10. Let v = -2 + 3. What is the greatest common factor of v and l?
1
Let i = -9 + -5. Let q = -5 - i. What is the greatest common factor of q and 36?
9
Let v be (-3 - -1)*9/(-2). Calculate the greatest common factor of v and 45.
9
Suppose 4*x = 5*q + 164, -4*x - q = -0*x - 140. Let d = x + -12. What is the greatest common divisor of d and 6?
6
Let h(v) = 6*v - 11*v - 1 - 2*v + 2. Let j be h(-2). Let d = 11 - -4. Calculate the greatest common divisor of d and j.
15
Suppose -4*k - 13 = p, -k = 5*p - 3 + 11. Let y = p + 3. Suppose -2 - y = -l. What is the greatest common divisor of l and 28?
4
Suppose -n = -5*n + 16. What is the greatest common factor of 28 and n?
4
Suppose 0 = -q + 4*l